{"id":18,"date":"2025-05-07T11:50:09","date_gmt":"2025-05-07T11:50:09","guid":{"rendered":"https:\/\/zlobekmaluszek.prohost.pl\/?page_id=18"},"modified":"2026-04-27T07:59:13","modified_gmt":"2026-04-27T07:59:13","slug":"jadlospis","status":"publish","type":"page","link":"https:\/\/zlobekmaluszek.prohost.pl\/index.php\/jadlospis\/","title":{"rendered":"Jad\u0142ospis"},"content":{"rendered":"<p><a href=\"https:\/\/zlobekmaluszek.prohost.pl\/wp-content\/uploads\/2026\/04\/Jadlospis-27-30.04.2026.pdf\">Jad\u0142ospis 27-30.04.2026<\/a><\/p>\n<p style=\"text-align: center;\"><strong>Substancje lub produkty powoduj\u0105ce alergie lub reakcje nietolerancji wg II za\u0142\u0105cznika Dziennika Urz\u0119dowego Unii Europejskiej<\/strong><\/p>\n<p>1. Produkty zawieraj\u0105ce gluten: pszenica, \u017cyto, j\u0119czmie\u0144, owies, orkisz, kamut<br \/>\n2. Skorupiaki i produkty pochodne<br \/>\n3. Jaja i produkty pochodne<br \/>\n4. Ryby i produkty pochodne<br \/>\n5. Orzeszki ziemne (arachidowe) i produkty pochodne<br \/>\n6. Soja i produkty pochodne<br \/>\n7. Mleko i produkty pochodne (\u0142\u0105cznie z laktoz\u0105)<br \/>\n8. Orzechy: migda\u0142y, orzechy laskowe, orzechy w\u0142oskie, orzechy nerkowce, orzechy pekan, orzechy<br \/>\nbrazylijskie, pistacje, orzechy makadamia<br \/>\n9. Seler i produkty pochodne<br \/>\n10.Gorczyca i produkty pochodne<br \/>\n11.Nasiona sezamu i produkty pochodne<br \/>\n12.Dwutlenek siarki i siarczyny w st\u0119\u017ceniach powy\u017cej 10mg\/kg lub 10mg\/litr w przeliczeniu na<br \/>\nca\u0142kowit\u0105 zawarto\u015b\u0107 SO2 dla produkt\u00f3w w postaci gotowej bezpo\u015brednio do spo\u017cycia lub w postaci<br \/>\nprzygotowanej do spo\u017cycia zgodnie z instrukcjami wytw\u00f3rc\u00f3w<br \/>\n13.\u0141ubin i produkty pochodne<br \/>\n14.Mi\u0119czaki i produkty pochodne<\/p>\n<p style=\"text-align: justify;\">Zgodnie z Rozporz\u0105dzeniem Parlamentu Europejskiego i Rady nr 1169\/2011 z dnia 25 pa\u017adziernika 2011roku w sprawie przekazywania konsumentom informacji na temat \u017cywno\u015bci (DzUrz UE nr L 304 z dnia 22 listopada 2011r.), przy ka\u017cdym posi\u0142ku umieszczona zosta\u0142a informacja (cyfra w nawiasie) na temat wyst\u0119powania w potrawie alergen\u00f3w.<\/p>\n","protected":false},"excerpt":{"rendered":"<p>Jad\u0142ospis 27-30.04.2026 Substancje lub produkty powoduj\u0105ce alergie lub reakcje nietolerancji wg II za\u0142\u0105cznika Dziennika Urz\u0119dowego Unii Europejskiej 1. Produkty zawieraj\u0105ce gluten: pszenica, \u017cyto, j\u0119czmie\u0144, owies, orkisz, kamut 2. Skorupiaki i produkty pochodne 3. Jaja i produkty pochodne 4. Ryby i produkty pochodne 5. Orzeszki ziemne (arachidowe) i produkty pochodne 6. Soja i produkty pochodne 7. [&hellip;]<\/p>\n","protected":false},"author":1,"featured_media":0,"parent":0,"menu_order":0,"comment_status":"closed","ping_status":"closed","template":"","meta":{"footnotes":""},"class_list":["post-18","page","type-page","status-publish","czr-hentry"],"_links":{"self":[{"href":"https:\/\/zlobekmaluszek.prohost.pl\/index.php\/wp-json\/wp\/v2\/pages\/18","targetHints":{"allow":["GET"]}}],"collection":[{"href":"https:\/\/zlobekmaluszek.prohost.pl\/index.php\/wp-json\/wp\/v2\/pages"}],"about":[{"href":"https:\/\/zlobekmaluszek.prohost.pl\/index.php\/wp-json\/wp\/v2\/types\/page"}],"author":[{"embeddable":true,"href":"https:\/\/zlobekmaluszek.prohost.pl\/index.php\/wp-json\/wp\/v2\/users\/1"}],"replies":[{"embeddable":true,"href":"https:\/\/zlobekmaluszek.prohost.pl\/index.php\/wp-json\/wp\/v2\/comments?post=18"}],"version-history":[{"count":24,"href":"https:\/\/zlobekmaluszek.prohost.pl\/index.php\/wp-json\/wp\/v2\/pages\/18\/revisions"}],"predecessor-version":[{"id":518,"href":"https:\/\/zlobekmaluszek.prohost.pl\/index.php\/wp-json\/wp\/v2\/pages\/18\/revisions\/518"}],"wp:attachment":[{"href":"https:\/\/zlobekmaluszek.prohost.pl\/index.php\/wp-json\/wp\/v2\/media?parent=18"}],"curies":[{"name":"wp","href":"https:\/\/api.w.org\/{rel}","templated":true}]}}