{"id":20,"date":"2025-05-07T11:59:46","date_gmt":"2025-05-07T11:59:46","guid":{"rendered":"https:\/\/zlobekmaluszek.prohost.pl\/?page_id=20"},"modified":"2026-05-07T05:39:50","modified_gmt":"2026-05-07T05:39:50","slug":"formularze-dokumenty","status":"publish","type":"page","link":"https:\/\/zlobekmaluszek.prohost.pl\/index.php\/formularze-dokumenty\/","title":{"rendered":"Formularze\/Dokumenty"},"content":{"rendered":"<p style=\"text-align: right;\"><img loading=\"lazy\" decoding=\"async\" class=\"alignnone wp-image-413\" src=\"https:\/\/zlobekmaluszek.prohost.pl\/wp-content\/uploads\/2025\/05\/forms-in-word.jpg\" alt=\"\" width=\"379\" height=\"183\" srcset=\"https:\/\/zlobekmaluszek.prohost.pl\/wp-content\/uploads\/2025\/05\/forms-in-word.jpg 580w, https:\/\/zlobekmaluszek.prohost.pl\/wp-content\/uploads\/2025\/05\/forms-in-word-300x145.jpg 300w\" sizes=\"auto, (max-width: 379px) 100vw, 379px\" \/><\/p>\n<p><strong>Aktywny Rodzic \u2013 materia\u0142y dla \u017c\u0142obk\u00f3w<\/strong><\/p>\n<p><a href=\"https:\/\/zlobekmaluszek.prohost.pl\/wp-content\/uploads\/2025\/05\/Aktywny-Rodzic-material-dla-zlobkow.pdf\">Aktywny Rodzic \u2013 materia\u0142y dla \u017c\u0142obk\u00f3w<\/a><\/p>\n<p>&nbsp;<\/p>\n<p><strong>Formularze:<\/strong><\/p>\n<p><a href=\"https:\/\/zlobekmaluszek.prohost.pl\/wp-content\/uploads\/2025\/05\/karta.odt\">Karta zg\u0142oszenia dziecka do \u017c\u0142obka<\/a><\/p>\n<p>&nbsp;<\/p>\n<p><strong>Dokumenty:<\/strong><\/p>\n<p><a href=\"https:\/\/zlobekmaluszek.prohost.pl\/wp-content\/uploads\/2025\/05\/Ramowy-Rozklad-Dnia.pdf\">Ramowy Rozk\u0142ad Dnia<\/a><\/p>\n<p><a href=\"https:\/\/zlobekmaluszek.prohost.pl\/wp-content\/uploads\/2025\/05\/koncepcja-zlobek-1.pdf\">Koncepcja Funkcjonowania \u017b\u0142obka<\/a><\/p>\n<p style=\"text-align: justify;\"><a href=\"https:\/\/bip.malopolska.pl\/ugt,a,2543361,uchwala-nr-v742024-rady-gminy-tarnow-z-dnia-9-pazdziernika-2024-r-w-sprawie-ustalenia-wysokosci-opla.html\">UCHWA\u0141A NR V\/74\/2024<\/a> RADY GMINY TARN\u00d3W z dnia 9 pa\u017adziernika 2024 r. w sprawie ustalenia wysoko\u015bci op\u0142at za pobyt i wy\u017cywienie w Gminnym \u017b\u0142obku Maluszek w Woli Rz\u0119dzi\u0144skiej prowadzonym przez Gmin\u0119 Tarn\u00f3w<\/p>\n<p style=\"text-align: justify;\"><a href=\"https:\/\/bip.malopolska.pl\/ugt,a,2006858,uchwala-nr-xxvi3602021-rady-gminy-tarnow-z-dnia-18-pazdziernika-2021r-w-sprawie-zmiany-uchwaly-nr-vi.html\">UCHWA\u0141A NR XXVI\/360\/2021<\/a> RADY GMINY TARN\u00d3W z dnia 18 pa\u017adziernika 2021 r. w sprawie zmiany uchwa\u0142y nr <a href=\"https:\/\/bip.malopolska.pl\/ugt,a,1939547,uchwala-nr-viil1202019-rady-gminy-tarnow-z-dnia-7-sierpnia-2019-r-w-sprawie-utworzenia-zlobka-public.html\">VIII\/120\/2019<\/a> z dnia 7 sierpnia 2019 r.<\/p>\n<p style=\"text-align: justify;\"><a href=\"https:\/\/bip.malopolska.pl\/ugt,a,1939623,uchwala-nr-ix1312019-rady-gminy-tarnow-z-dnia-26-wrzesnia-2019-r-w-sprawie-zmiany-uchwaly-nr-viii120.html\">UCHWA\u0141A NR IX\/131\/2019<\/a> RADY GMINY TARN\u00d3W z dnia 26 wrze\u015bnia 2019 r. w sprawie: w sprawie zmiany uchwa\u0142y nr VIII\/120\/2019 z dnia 7 sierpnia 2019 r. w sprawie utworzenia \u017b\u0142obka Publicznego w Woli Rz\u0119dzi\u0144skiej i nadania mu statutu.<\/p>\n<p style=\"text-align: justify;\"><a href=\"https:\/\/bip.malopolska.pl\/ugt,a,1939547,uchwala-nr-viil1202019-rady-gminy-tarnow-z-dnia-7-sierpnia-2019-r-w-sprawie-utworzenia-zlobka-public.html\">UCHWA\u0141A NR VIII\/120\/2019<\/a> RADY GMINY TARN\u00c3\u201cW z dnia 7 sierpnia 2019 r. w sprawie: utworzenia \u017c\u0142obka Publicznego w Woli Rz\u0119dzi\u0144skiej i nadania mu statutu<\/p>\n<p>&nbsp;<\/p>\n<p><a href=\"https:\/\/zlobekmaluszek.prohost.pl\/wp-content\/uploads\/2025\/05\/Regulamin-funkcjonowania-monitoringu-zlobek.pdf\">Regulamin funkcjonowania monitoringu.<\/a><\/p>\n<p>&nbsp;<\/p>\n<p><a href=\"https:\/\/zlobekmaluszek.prohost.pl\/wp-content\/uploads\/2025\/08\/Standardy-Ochrony-Maloletnich-Zlobek.docx\">Standardy Ochrony Ma\u0142oletnich \u017b\u0142obek<\/a><\/p>\n<p>&nbsp;<\/p>\n","protected":false},"excerpt":{"rendered":"<p>Aktywny Rodzic \u2013 materia\u0142y dla \u017c\u0142obk\u00f3w Aktywny Rodzic \u2013 materia\u0142y dla \u017c\u0142obk\u00f3w &nbsp; Formularze: Karta zg\u0142oszenia dziecka do \u017c\u0142obka &nbsp; Dokumenty: Ramowy Rozk\u0142ad Dnia Koncepcja Funkcjonowania \u017b\u0142obka UCHWA\u0141A NR V\/74\/2024 RADY GMINY TARN\u00d3W z dnia 9 pa\u017adziernika 2024 r. w sprawie ustalenia wysoko\u015bci op\u0142at za pobyt i wy\u017cywienie w Gminnym \u017b\u0142obku Maluszek w Woli Rz\u0119dzi\u0144skiej [&hellip;]<\/p>\n","protected":false},"author":1,"featured_media":413,"parent":0,"menu_order":0,"comment_status":"closed","ping_status":"closed","template":"","meta":{"footnotes":""},"class_list":["post-20","page","type-page","status-publish","has-post-thumbnail","czr-hentry"],"_links":{"self":[{"href":"https:\/\/zlobekmaluszek.prohost.pl\/index.php\/wp-json\/wp\/v2\/pages\/20","targetHints":{"allow":["GET"]}}],"collection":[{"href":"https:\/\/zlobekmaluszek.prohost.pl\/index.php\/wp-json\/wp\/v2\/pages"}],"about":[{"href":"https:\/\/zlobekmaluszek.prohost.pl\/index.php\/wp-json\/wp\/v2\/types\/page"}],"author":[{"embeddable":true,"href":"https:\/\/zlobekmaluszek.prohost.pl\/index.php\/wp-json\/wp\/v2\/users\/1"}],"replies":[{"embeddable":true,"href":"https:\/\/zlobekmaluszek.prohost.pl\/index.php\/wp-json\/wp\/v2\/comments?post=20"}],"version-history":[{"count":13,"href":"https:\/\/zlobekmaluszek.prohost.pl\/index.php\/wp-json\/wp\/v2\/pages\/20\/revisions"}],"predecessor-version":[{"id":520,"href":"https:\/\/zlobekmaluszek.prohost.pl\/index.php\/wp-json\/wp\/v2\/pages\/20\/revisions\/520"}],"wp:featuredmedia":[{"embeddable":true,"href":"https:\/\/zlobekmaluszek.prohost.pl\/index.php\/wp-json\/wp\/v2\/media\/413"}],"wp:attachment":[{"href":"https:\/\/zlobekmaluszek.prohost.pl\/index.php\/wp-json\/wp\/v2\/media?parent=20"}],"curies":[{"name":"wp","href":"https:\/\/api.w.org\/{rel}","templated":true}]}}