{"id":8,"date":"2025-05-07T11:33:44","date_gmt":"2025-05-07T11:33:44","guid":{"rendered":"https:\/\/zlobekmaluszek.prohost.pl\/?page_id=8"},"modified":"2025-09-17T09:46:55","modified_gmt":"2025-09-17T09:46:55","slug":"kontakt","status":"publish","type":"page","link":"https:\/\/zlobekmaluszek.prohost.pl\/index.php\/kontakt\/","title":{"rendered":"Kontakt"},"content":{"rendered":"<p><img loading=\"lazy\" decoding=\"async\" class=\"alignnone size-medium wp-image-9\" src=\"https:\/\/zlobekmaluszek.prohost.pl\/wp-content\/uploads\/2025\/05\/kontakt-768x255-1-300x100.png\" alt=\"\" width=\"300\" height=\"100\" srcset=\"https:\/\/zlobekmaluszek.prohost.pl\/wp-content\/uploads\/2025\/05\/kontakt-768x255-1-300x100.png 300w, https:\/\/zlobekmaluszek.prohost.pl\/wp-content\/uploads\/2025\/05\/kontakt-768x255-1.png 768w\" sizes=\"auto, (max-width: 300px) 100vw, 300px\" \/><\/p>\n<p>Gminny \u017b\u0142obek \u201eMaluszek\u201d w Woli Rz\u0119dzi\u0144skiej<\/p>\n<p>Wola Rz\u0119dzi\u0144ska 253A<\/p>\n<p>33-150 Wola Rz\u0119dzi\u0144ska<\/p>\n<p>tel: 513 082 260<\/p>\n<p>tel. 14 679-31-00<\/p>\n<p>e-mail: zlobek.maluszek@gmina.tarnow.pl<\/p>\n<p>Adres do e-Dor\u0119cze\u0144: AE:PL-42389-85864-JHSIR-33<\/p>\n<p>Dyrektor: mgr Katarzyna Duda<\/p>\n<p><a href=\"https:\/\/bip.malopolska.pl\/zlobekwolarzedzinska\">https:\/\/bip.malopolska.pl\/zlobekwolarzedzinska<\/a><\/p>\n","protected":false},"excerpt":{"rendered":"<p>Gminny \u017b\u0142obek \u201eMaluszek\u201d w Woli Rz\u0119dzi\u0144skiej Wola Rz\u0119dzi\u0144ska 253A 33-150 Wola Rz\u0119dzi\u0144ska tel: 513 082 260 tel. 14 679-31-00 e-mail: zlobek.maluszek@gmina.tarnow.pl Adres do e-Dor\u0119cze\u0144: AE:PL-42389-85864-JHSIR-33 Dyrektor: mgr Katarzyna Duda https:\/\/bip.malopolska.pl\/zlobekwolarzedzinska<\/p>\n","protected":false},"author":1,"featured_media":0,"parent":0,"menu_order":0,"comment_status":"closed","ping_status":"closed","template":"","meta":{"footnotes":""},"class_list":["post-8","page","type-page","status-publish","czr-hentry"],"_links":{"self":[{"href":"https:\/\/zlobekmaluszek.prohost.pl\/index.php\/wp-json\/wp\/v2\/pages\/8","targetHints":{"allow":["GET"]}}],"collection":[{"href":"https:\/\/zlobekmaluszek.prohost.pl\/index.php\/wp-json\/wp\/v2\/pages"}],"about":[{"href":"https:\/\/zlobekmaluszek.prohost.pl\/index.php\/wp-json\/wp\/v2\/types\/page"}],"author":[{"embeddable":true,"href":"https:\/\/zlobekmaluszek.prohost.pl\/index.php\/wp-json\/wp\/v2\/users\/1"}],"replies":[{"embeddable":true,"href":"https:\/\/zlobekmaluszek.prohost.pl\/index.php\/wp-json\/wp\/v2\/comments?post=8"}],"version-history":[{"count":5,"href":"https:\/\/zlobekmaluszek.prohost.pl\/index.php\/wp-json\/wp\/v2\/pages\/8\/revisions"}],"predecessor-version":[{"id":461,"href":"https:\/\/zlobekmaluszek.prohost.pl\/index.php\/wp-json\/wp\/v2\/pages\/8\/revisions\/461"}],"wp:attachment":[{"href":"https:\/\/zlobekmaluszek.prohost.pl\/index.php\/wp-json\/wp\/v2\/media?parent=8"}],"curies":[{"name":"wp","href":"https:\/\/api.w.org\/{rel}","templated":true}]}}